16
Suppose -b - 2*w = -90, -2*b + 189 = w - 3. Suppose -4*c + b = 2*v, 0 = c - 3*v - 34 + 6. What is the highest common divisor of c and 25?
25
Let z(r) be the first derivative of -25*r**2/2 + 3*r - 1. Suppose 5*f - 15 = 10*f. Let d be z(f). What is the highest common divisor of d and 13?
13
Let z = 227 - 97. Let k = z + -81. Calculate the highest common factor of 7 and k.
7
Suppose -2*a + 5*k - 243 = 0, -5*k + 5 = -6*k. Let b = -29 - a. What is the highest common divisor of 42 and b?
21
Let t be (4/(-6))/(10/(-45)). Let c = 11 - t. Suppose -32 = -3*m + 2*m. What is the greatest common factor of c and m?
8
Suppose j - 5*z + 23 = 0, 5*j + 9*z - 35 = 4*z. Let x be (81/(-6))/(j/(-4)). What is the greatest common divisor of x and 9?
9
Let b be (516/8)/(6/(-8)). Let t = -22 - b. What is the greatest common divisor of 16 and t?
16
Let z = 42 - -30. Let i(r) = 2*r**3 + 8*r**2 + 6*r + 8. Let n be i(-3). Calculate the highest common factor of n and z.
8
Let s be ((-44)/(-10))/((-20)/(-200)) - -7. Calculate the highest common divisor of 136 and s.
17
Let b(a) = 127*a**2 - 2*a - 3. Let s be b(-1). Suppose -2*y + s = 7*y. Calculate the highest common factor of 14 and y.
14
Let v = 21 + -13. Let u(r) = 137*r + 1 - 6 + 1 - 45*r. Let d be u(1). What is the highest common factor of d and v?
8
Suppose 2*c + 1312 = 3*d, -5*d + 1146 = -3*c - 1042. What is the highest common factor of d and 40?
40
Suppose -495 - 597 = -7*i. Suppose 0 = -p + h + 138, 0 = -2*p + 3*h + 123 + i. Calculate the highest common divisor of p and 27.
27
Let y(a) = 52*a**2 + a + 3. Let i be y(-1). What is the highest common factor of i and 270?
54
Suppose 30*r = -51*r + 26325. What is the greatest common divisor of r and 52?
13
Let h = -20749 - -20751. Suppose q = -a + 15, 4*a - q + 0*q - 55 = 0. What is the greatest common divisor of h and a?
2
Let r = 50 - 1. What is the greatest common factor of r and 49?
49
Let n(f) = -f**3 + 9*f**2 - 8*f - 4. Let d be n(3). Calculate the greatest common factor of 936 and d.
26
Let h(k) = k**3 + 17*k**2 - 38*k + 56. Let c be h(-19). Let j(b) = 2*b**2 + 4*b + 2. Let s be j(-3). Calculate the greatest common factor of s and c.
8
Let v(q) = -15*q + 9. Let k be v(-2). What is the highest common factor of k and 273?
39
Suppose -22 = -3*f + 4*d, f + 5*d = -2*f - 14. Let r(m) = -m**2 - 4 + 6*m**2 + f*m**2. Let u be r(2). What is the greatest common factor of 3 and u?
3
Suppose 1325 + 1171 = 26*u. Calculate the highest common divisor of 24 and u.
24
Let b be (-1)/(2 - 1)*-4. Let a(k) = 45*k**3 - k. Let i = 27 - 26. Let x be a(i). What is the highest common factor of b and x?
4
Suppose 0*l + l - 48 = 0. Let d be (-2)/4*(0 - l). Suppose 3*s - 7*s = 3*h - 24, 4*h - 4*s = 4. Calculate the greatest common divisor of h and d.
4
Suppose -5*p + 3 = 3*x, 0*x + 4*p = -2*x. Suppose t - x - 6 = 0. Calculate the greatest common factor of t and 9.
3
Let i be (8/10)/((-18)/(-135)). Suppose 0 = -i*a + 2*a + 20. Suppose 27*b = 28*b - 5. What is the highest common factor of a and b?
5
Let g be 8/((-4)/8 + 1). What is the highest common factor of 688 and g?
16
Let k = -1162 - -1214. Let w be (52/(-8))/((-1)/20). What is the highest common divisor of k and w?
26
Let u(v) = -v**2 - 17*v + 141. Let d be u(-23). What is the greatest common divisor of 51 and d?
3
Suppose -18*l + 21*l - k = 19, 5*l = -5*k + 45. Calculate the highest common factor of l and 28.
7
Suppose -2*l = l - 12. Suppose -v - 3*h + 24 = 0, -8 - 36 = -5*v + l*h. Let b = 71 + -53. What is the highest common factor of v and b?
6
Suppose -7*x = -461 - 267. What is the highest common divisor of 130 and x?
26
Suppose -c = -4*y + 13, -2*c + 9 - 2 = 3*y. Let o be c/4 - (-15)/(-4). Let f be (-45)/(-6) + o/(-8). Calculate the greatest common divisor of 72 and f.
8
Let l = -28 + 20. Let n be 121/4*(-4 - l). What is the greatest common factor of 11 and n?
11
Let l = 339 + -329. What is the greatest common divisor of l and 22?
2
Let i = 80 + -34. Let j = i + -32. Calculate the highest common divisor of j and 42.
14
Let n be 133/9 - (-4)/18. Let c = 16 - 0. Let u = c - n. Calculate the greatest common factor of 7 and u.
1
Suppose -9*j + 78 = -6*j. Let c(k) = -k**3 - 4*k**2 + 4*k + 4. Let a be c(-4). Let d be (-6)/8 - 2193/a. What is the greatest common divisor of j and d?
26
Let h = 28 - 0. Suppose -f = -2*z - 0*z + h, -4*z = 4*f - 68. Suppose 2*u + 1 = 31. What is the greatest common divisor of z and u?
15
Suppose -3 = -3*c + 4*v, -4*v - 11 = -c - 6*v. What is the highest common divisor of c and 45?
5
Let b(i) = -15*i**3 - i**2. Let f be b(1). Let o be (-4)/f + (-92)/(-16). Let r be 1*-2*(-3)/o. What is the greatest common divisor of 1 and r?
1
Suppose 10*n - 12*n + 212 = 4*w, -4*w = -2*n + 236. What is the highest common divisor of n and 21?
7
Let u(h) = 25*h - 149. Let k be u(6). Calculate the greatest common factor of 23 and k.
1
Let f be 15 - 6/((-6)/(-3)). Suppose 3*x = x + f. Let p(m) = m**3 + 9*m**2 + 8*m + 2. Let z be p(-8). What is the highest common factor of x and z?
2
Suppose 6*d - 229 = 275. Let t(m) = -m**2 - 21*m - 6. Let h be t(-20). Calculate the greatest common factor of h and d.
14
Let s = -225 - -360. What is the highest common factor of s and 81?
27
Let f = -8 - -11. Let c(u) = 8*u - 1. Let s be c(20). Suppose -3*l = 3*d - 141, -l - f*d = -4*l + s. Calculate the highest common factor of 20 and l.
10
Let z(m) = m + 10. Let v be z(-4). Suppose v*q - 102 = 6. What is the highest common factor of 90 and q?
18
Let i(b) = b**2 + 7*b - 31. Let k be i(4). Suppose -5*x + j = -3*j - 630, 3*x - 415 = -5*j. What is the highest common divisor of k and x?
13
Let l be 51/(-68) + (-262)/(-8). Let i be (-3 - -25) + 3 + -1. Suppose 5*p + 0*t + 2*t = 40, 3*t = -3*p + i. Calculate the greatest common divisor of l and p.
8
Let u be 115 - (1 - (0 + 0)). Let d(a) = -2*a**2 - 111*a - 673. Let g be d(-7). Calculate the greatest common divisor of u and g.
6
Let h = -9 + -16. Let z = h - -35. Suppose -4*s = z - 34. Calculate the highest common factor of s and 42.
6
Suppose -l - 321 + 338 = 0. Calculate the highest common factor of l and 1.
1
Let x = 11 + 23. Suppose 4*g - x = -3*q - 7, 2*q - 20 = -3*g. Calculate the greatest common factor of 48 and g.
6
Suppose -3*w = 4*d - 5, 0 = -2*w + 3*w - d - 4. Suppose -a + w*a = 130. Calculate the greatest common factor of 26 and a.
13
Suppose 5*t - 81 = l, 0*t = -4*t + 3*l + 56. Calculate the greatest common divisor of 5 and t.
1
Let z = 26 - 16. Suppose -2*f + f = -3. Suppose c + 3*w = f - 5, 3*c - 34 = w. Calculate the highest common divisor of z and c.
10
Let d = -330 - -402. Calculate the greatest common divisor of 744 and d.
24
Let s(p) = 2*p**2 - 5*p + 1. Let v be s(5). What is the highest common divisor of 416 and v?
26
Let g = -31 + 3. Let n be g/(-20)*10/2. Let c(i) = i**2 + 77. Let b be c(0). Calculate the greatest common factor of b and n.
7
Let j = -142 + 190. What is the highest common factor of j and 48?
48
Suppose 2*j - 5*g + 9 = 2, 4*j - 2*g + 54 = 0. Let a(y) = 2*y**2 + 10*y - 1. Let v be a(-5). Let n = v - j. Calculate the greatest common divisor of 105 and n.
15
Suppose 324 = -3*c + 12*c. What is the greatest common factor of c and 96?
12
Let u(r) = r**3 + 12*r**2 + 14*r - 42. Let p be u(-10). Calculate the highest common divisor of p and 18.
18
Let n = -256 - -272. What is the greatest common divisor of n and 36?
4
Suppose 280 = 37*v - 608. What is the highest common divisor of 16 and v?
8
Let h(d) = -d**3 + d**2 - d - 11. Let c be h(0). Let y be 3 + -7 - c - -1. Suppose -y = -2*q + 20. What is the highest common divisor of q and 112?
14
Let j(t) = -t**3 + 10*t**2 + 14*t - 9. Suppose 0 = 5*g + 4*u - 63, -4*g + 39 = -g + 3*u. Let h be j(g). What is the highest common divisor of 60 and h?
12
Let y(c) = 6*c**2 + 15*c + 75. Let v be y(-7). What is the highest common divisor of 72 and v?
24
Suppose 199 - 7531 = -78*v. Calculate the highest common divisor of 893 and v.
47
Suppose 16 = 4*n, -n - 14 = m - 2*m. Let c be (-14)/63 + 1084/m. Let i = 8 - -4. What is the greatest common factor of i and c?
12
Let v(g) be the second derivative of g**4/4 + 5*g**3/2 + 17*g**2/2 + 31*g. Let t be v(-6). Let l be (1/1)/(3/21). What is the greatest common factor of t and l?
7
Let v = 31 + 